actors of 1803?
3, 601
List the prime factors of 8336.
2, 521
What are the prime factors of 55513?
43, 1291
List the prime factors of 1337.
7, 191
List the prime factors of 1763.
41, 43
What are the prime factors of 792?
2, 3, 11
What are the prime factors of 8779?
8779
What are the prime factors of 21080?
2, 5, 17, 31
What are the prime factors of 2192?
2, 137
List the prime factors of 1988.
2, 7, 71
List the prime factors of 873.
3, 97
What are the prime factors of 12488?
2, 7, 223
What are the prime factors of 220?
2, 5, 11
List the prime factors of 14823.
3, 61
What are the prime factors of 1509?
3, 503
What are the prime factors of 1198?
2, 599
List the prime factors of 1369.
37
What are the prime factors of 11069?
11069
What are the prime factors of 11119?
11119
What are the prime factors of 33805?
5, 6761
What are the prime factors of 304?
2, 19
List the prime factors of 70650.
2, 3, 5, 157
What are the prime factors of 1214?
2, 607
What are the prime factors of 3354?
2, 3, 13, 43
List the prime factors of 92617.
7, 101, 131
What are the prime factors of 11886?
2, 3, 7, 283
List the prime factors of 5901.
3, 7, 281
What are the prime factors of 19845?
3, 5, 7
What are the prime factors of 130821?
3, 43607
List the prime factors of 10095.
3, 5, 673
List the prime factors of 11962.
2, 5981
What are the prime factors of 14602?
2, 7, 149
What are the prime factors of 1084?
2, 271
List the prime factors of 28579.
28579
What are the prime factors of 115969?
7, 16567
What are the prime factors of 2126?
2, 1063
List the prime factors of 15035.
5, 31, 97
List the prime factors of 60841.
11, 5531
What are the prime factors of 360?
2, 3, 5
What are the prime factors of 25938?
2, 3, 11, 131
List the prime factors of 3931.
3931
List the prime factors of 119.
7, 17
What are the prime factors of 3639?
3, 1213
List the prime factors of 132829.
19, 6991
List the prime factors of 34229.
13, 2633
List the prime factors of 1209.
3, 13, 31
What are the prime factors of 35469?
3, 7, 563
What are the prime factors of 2366?
2, 7, 13
What are the prime factors of 14305?
5, 2861
What are the prime factors of 19427?
19427
List the prime factors of 2374.
2, 1187
List the prime factors of 1412.
2, 353
List the prime factors of 787.
787
What are the prime factors of 1290?
2, 3, 5, 43
What are the prime factors of 1818?
2, 3, 101
List the prime factors of 282.
2, 3, 47
List the prime factors of 1805.
5, 19
List the prime factors of 61058.
2, 30529
List the prime factors of 18290.
2, 5, 31, 59
What are the prime factors of 12312?
2, 3, 19
What are the prime factors of 4250?
2, 5, 17
What are the prime factors of 4362?
2, 3, 727
List the prime factors of 180668.
2, 31, 47
List the prime factors of 136903.
13, 10531
List the prime factors of 77691.
3, 19, 29, 47
What are the prime factors of 34209?
3, 7, 181
List the prime factors of 1719.
3, 191
List the prime factors of 8725.
5, 349
List the prime factors of 5709.
3, 11, 173
What are the prime factors of 60408?
2, 3, 839
List the prime factors of 2154.
2, 3, 359
List the prime factors of 2711.
2711
What are the prime factors of 66965?
5, 59, 227
List the prime factors of 20357.
20357
List the prime factors of 3201.
3, 11, 97
List the prime factors of 21670.
2, 5, 11, 197
List the prime factors of 71081.
71081
List the prime factors of 1129.
1129
What are the prime factors of 565?
5, 113
List the prime factors of 26733.
3, 7, 19, 67
List the prime factors of 16525.
5, 661
List the prime factors of 5041.
71
List the prime factors of 5206.
2, 19, 137
List the prime factors of 6330.
2, 3, 5, 211
List the prime factors of 153690.
2, 3, 5, 47, 109
List the prime factors of 16990.
2, 5, 1699
List the prime factors of 121667.
7, 13, 191
List the prime factors of 25935.
3, 5, 7, 13, 19
List the prime factors of 293.
293
List the prime factors of 18887.
11, 17, 101
List the prime factors of 14147.
7, 43, 47
List the prime factors of 23343.
3, 31, 251
What are the prime factors of 4696?
2, 587
List the prime factors of 5559.
3, 17, 109
What are the prime factors of 82588?
2, 11, 1877
What are the prime factors of 3734?
2, 1867
List the prime factors of 72704.
2, 71
What are the prime factors of 13525?
5, 541
What are the prime factors of 1235?
5, 13, 19
List the prime factors of 249.
3, 83
List the prime factors of 5899.
17, 347
What are the prime factors of 9042?
2, 3, 11, 137
List the prime factors of 2095.
5, 419
What are the prime factors of 1432?
2, 179
What are the prime factors of 76685?
5, 7, 313
List the prime factors of 1424.
2, 89
List the prime factors of 9913.
23, 431
What are the prime factors of 1408?
2, 11
What are the prime factors of 14994?
2, 3, 7, 17
What are the prime factors of 5909?
19, 311
What are the prime factors of 2640?
2, 3, 5, 11
What are the prime factors of 777?
3, 7, 37
List the prime factors of 638.
2, 11, 29
What are the prime factors of 16947?
3, 7, 269
List the prime factors of 1820.
2, 5, 7, 13
What are the prime factors of 864?
2, 3
List the prime factors of 528.
2, 3, 11
List the prime factors of 90049.
17, 5297
List the prime factors of 1188.
2, 3, 11
What are the prime factors of 3230?
2, 5, 17, 19
What are the prime factors of 5341?
7, 109
List the prime factors of 1831.
1831
What are the prime factors of 3382?
2, 19, 89
What are the prime factors of 4900?
2, 5, 7
List the prime factors of 199.
199
What are the prime factors of 16325?
5, 653
What are the prime factors of 16597?
7, 2371
List the prime factors of 19461.
3, 13, 499
List the prime factors of 18723.
3, 79
List the prime factors of 13323.
3, 4441
List the prime factors of 322.
2, 7, 23
What are the prime factors of 7088?
2, 443
What are the prime factors of 2959?
11, 269
What are the prime factors of 4533?
3, 1511
What are the prime factors of 2780?
2, 5, 139
What are the prime factors of 12980?
2, 5, 11, 59
What are the prime factors of 6026?
2, 23, 131
List the prime factors of 7558.
2, 3779
What are the prime factors of 1756?
2, 439
What are the prime factors of 19875?
3, 5, 53
What are the prime factors of 9938?
2, 4969
What are the prime factors of 2936?
2, 367
What are the prime factors of 46509?
3, 37, 419
List the prime factors of 8407.
7, 1201
List the prime factors of 813.
3, 271
List the prime factors of 380.
2, 5, 19
List the prime factors of 6643.
7, 13, 73
What are the prime factors of 41837?
17, 23, 107
What are the prime factors of 4344?
2, 3, 181
List the prime factors of 157765.
5, 139, 227
List the prime factors of 663.
3, 13, 17
What are the prime factors of 21430?
2, 5, 2143
List the prime factors of 4814.
2, 29, 83
What are the prime factors of 112167?
3, 11, 103
What are the prime factors of 1437?
3, 479
What are the prime factors of 29907?
3, 3323
List the prime factors of 9.
3
What are the prime factors of 617?
617
What are the prime factors of 23844?
2, 3, 1987
List the prime factors of 516.
2, 3, 43
List the prime factors of 468.
2, 3, 13
List the prime factors of 26301.
3, 11, 797
What are the prime factors of 13012?
2, 3253
List the prime factors of 72458.
2, 36229
What are the prime factors of 39?
3, 13
List the prime factors of 35706.
2, 3, 11, 541
What are the prime factors of 2176?
2, 17
List the prime factors of 31210.
2, 5, 3121
List the prime factors of 127098.
2, 3, 23, 307
List the prime factors of 4657.
4657
What are the prime factors of 1256?
2, 157
What are the prime factors of 364?
2, 7, 13
List the prime factors of 343.
7
What are the prime factors of 3314?
2, 1657
What are the prime factors of 123683?
7, 17669
List the prime factors of 149.
149
What are the prime factors of 20609?
37, 557
List the prime factors of 1150.
2, 5, 23
List the prime factors of 676.
2, 13
List the prime factors of 32104.
2, 4013
What are the prime factors of 69542?
2, 11, 29, 109
What are the prime factors of 140244?
2, 3, 13, 29, 31
What are the prime factors of 1643?
31, 53
What are the prime factors of 92182?
2, 46091
List the prime factors of 1320.
2, 3, 5, 11
What are the prime factors of 19388?
2, 37, 131
List the prime factors of 276.
2, 3, 23
List the prime factors of 128.
2
List the prime factors of 455.
5, 7, 13
What are the prime factors of 14832?
2, 3, 103
List the prime factors of 34090.